 = 5*z - 39 + 9. What is the highest common divisor of z and 42?
6
Suppose -j + 5 = 2. Let f(m) = -2*m**2 - 2*m**3 - 1 + 3 + 0*m**j - 4. Let s be f(-2). What is the highest common factor of s and 48?
6
Let r(y) = 5*y + 24. Let k be r(6). Calculate the greatest common factor of k and 18.
18
Let g = 47 + -39. Calculate the highest common divisor of 88 and g.
8
Suppose 4*b - 4*d - 284 = 0, -b + 0*d + 91 = 4*d. Calculate the greatest common factor of 25 and b.
25
Let j be (24/10)/((-2)/(-5)). Let o be -26*3/j*-1. Let y be (-1)/(-4) + (-153)/(-12). Calculate the highest common factor of y and o.
13
Suppose 2*v + 8 = -2*v. Let k(l) = l**2 - l. Let p be k(v). Suppose -3*u + 21 = -y + 3*y, -2*u = -p. What is the greatest common divisor of y and 6?
6
Suppose 0 = -d - o + 12 + 2, d - 29 = -4*o. Let z(r) = 7*r**2 - 1. Let i be z(-1). Calculate the greatest common divisor of d and i.
3
Let g be 47 - 12 - (-5 - (-2 - 0)). Calculate the greatest common factor of g and 95.
19
Suppose 0 = 5*q - 1373 - 362. Let x = -203 + q. Suppose i - 179 = -5*o, -5*o + 43 = 3*i - x. What is the greatest common factor of 14 and o?
7
Suppose 2*k - k - 17 = 0. Suppose t + 3*x = -15, 5*x - 2 = -k. Let a = t + 7. Calculate the highest common factor of 1 and a.
1
Suppose 0 = -4*x + 32 + 32. Calculate the highest common factor of x and 256.
16
Suppose 2*n + 64 = 2*b, 2*b - n - 68 = -0*b. Let g = 38 + -14. What is the greatest common divisor of b and g?
12
Suppose -a + 45 = y, -3*a - y - 3*y + 140 = 0. Let h(g) = g**3 + 4*g**2 - g + 4. Let m be h(-3). What is the highest common factor of m and a?
8
Suppose 3*o + 2 = 4*o. Calculate the greatest common factor of 2 and o.
2
Let m be 42/(-8) + 6/24. Let t be 6/(-15) + 426/(-10). Let f be t/m - (-6)/15. What is the greatest common factor of f and 9?
9
Suppose 2 = a - z, 6*z - 5 = z. Let d(p) = -p + 2. Let h be d(0). What is the highest common factor of a and h?
1
Let a(o) = -4*o**3 - 5*o**2 + 3*o + 2. Let i be a(-2). Let k(x) = -x**3 - x**2 + x + 4. Let r be k(0). What is the greatest common divisor of i and r?
4
Suppose y - 5*w = 3*y + 13, 2*y - 2*w - 8 = 0. Let f = 2 + y. Suppose f*n = -o + 13, 39 = 3*o - 0*o + 4*n. Calculate the greatest common factor of o and 130.
13
Let s be 3/((24/254)/4). Suppose -s = -5*l - 2*t, -2*l + 2*t = -0*l - 48. Calculate the highest common factor of l and 175.
25
Let p(w) be the third derivative of 4*w**5/15 + w**3/6 + 2*w**2. Let j be p(1). What is the highest common divisor of 136 and j?
17
Suppose 0*r + r = 5. Suppose r*b - 2*j + 9 = -137, 0 = -4*b - j - 122. Let i = b + 55. What is the highest common divisor of i and 5?
5
Suppose 30 = 2*i + i. What is the greatest common divisor of 10 and i?
10
Suppose 4*p - 36 = -4*m, 5*m = -5*p + m + 42. Let k(y) = 3*y - 3. Let s be k(3). What is the greatest common divisor of s and p?
6
Let s(o) = o**3 - 8*o**2 - 2*o + 11. Let g be s(8). Let u(l) = -5*l - 3. Let z be u(g). Calculate the highest common divisor of z and 11.
11
Let x = 173 - 5. Calculate the highest common divisor of x and 21.
21
Let g be (-20)/(-2) + 2 + -2. Calculate the highest common divisor of 5 and g.
5
Suppose -2*y + 6*y - 12 = 0. Calculate the highest common factor of 3 and y.
3
Let u(r) = r**2 - 4*r. Let j be u(8). Let a = j - 23. Calculate the greatest common divisor of 9 and a.
9
Let g(q) = q**2 + 9*q - 2. Let d be g(-10). Calculate the greatest common factor of 40 and d.
8
Let c be 162/5 + 9/15. Let u = 145 + -76. Let m = u - c. What is the highest common factor of 12 and m?
12
Let q(z) = -27*z + 2. Let f be q(-2). What is the greatest common divisor of f and 14?
14
Let o(j) = -2*j + 2*j - 8 - 2*j - 3*j. Let q(f) = -16*f - 23. Let p(w) = 7*o(w) - 2*q(w). Let c be p(-8). What is the highest common divisor of c and 112?
14
Suppose -6*n - 14 = -704. Let g(s) = 46*s**3 - s + 1. Let q be g(1). What is the greatest common factor of n and q?
23
Let c = 7 - -53. What is the highest common factor of c and 15?
15
Suppose -55*t + 53*t + 62 = 0. Calculate the highest common factor of t and 279.
31
Let t = 3 + -2. Suppose d + 3*x + 4 = 0, -t = -x + 2*x. Let o = 2 + d. What is the greatest common factor of 7 and o?
1
Let t = 86 - 16. What is the highest common factor of 28 and t?
14
Let w(t) = 2*t + 4. Let y be w(10). What is the greatest common divisor of y and 168?
24
Let f(d) = 4*d**3 - 4*d**2 + 4*d. Let p be f(2). Calculate the highest common factor of p and 16.
8
Suppose 8 = -3*b - 4, -3*w - b = 721. Let v be -1*(w + (2 - 2)). Suppose z - k = 52, 3*z - 5*k = -87 + v. What is the highest common divisor of z and 6?
6
Suppose 2*h = 11*h - 63. Calculate the highest common divisor of h and 63.
7
Suppose 0 = -t - 4*t - 25, -z = 2*t + 12. Let a be (20*51/(-6))/z. Calculate the highest common divisor of 17 and a.
17
Suppose h = -0*u + 3*u - 76, -h - 100 = -4*u. Let c = 1 - -7. Calculate the greatest common divisor of c and u.
8
Let d be ((-12)/(-9))/((-1)/(-6)). Calculate the highest common factor of 16 and d.
8
Let w be -10*-2*(-6)/(-8). Let l(m) = 5*m + 3. Let i be l(-3). Let f be (i/10)/(2/(-10)). What is the greatest common divisor of w and f?
3
Let m be (-2)/(-5) + (-92)/(-20). Suppose -r - 4*j = 0, -4*r + 20 = j + m. Suppose -w - 225 = -r*w. Calculate the greatest common divisor of w and 15.
15
Suppose -20*b - 15 = -23*b. Let c be ((-20)/(-6))/(1/12). What is the greatest common factor of b and c?
5
Suppose -6*w + 3*w = -54. What is the highest common divisor of 54 and w?
18
Suppose 0 = 2*b - 48 + 20. Let l = 106 + b. What is the highest common divisor of l and 15?
15
Let r = 0 + -3. Let z be (-1)/(1 - (-4)/r). Let p = 43 + -19. Calculate the highest common factor of p and z.
3
Suppose 0*c = -3*c + 6. Let z be c/(-8) + 328/32. What is the greatest common factor of 25 and z?
5
Suppose 0 = -2*t + 11 + 25. Let j be (4/5)/((-2)/(-495)). Calculate the highest common factor of t and j.
18
Let a be ((-84)/49)/((-2)/7). Let t(i) = i**3 - 7*i**2 + 9*i - 8. Let u be t(a). What is the greatest common factor of 50 and u?
10
Suppose w - 7 = -2*g, 3*g - 8 = -5*w + 6. Let p be -3*w/(9/(-210)). Suppose -5*c = -p - 230. What is the highest common divisor of c and 40?
20
Suppose -4*c = -3*c - 61. Let u = c + -37. Calculate the highest common factor of u and 192.
24
Let k(f) = 6*f + 11*f - 4*f - 6 + 20 + f**2. Let n be k(-12). Let t be 18/12 - (-27)/n. What is the greatest common factor of t and 3?
3
Suppose 2*g - 15 = -g. Let m be ((-2)/g - 0)*-50. Let a = m - 8. What is the highest common factor of 6 and a?
6
Suppose -a + n - 10 = -0*n, 50 = -5*a - 4*n. Let m be (a/6)/(6/(-18)). Calculate the highest common factor of 35 and m.
5
Suppose -10*l + 48 = -6*l. Calculate the highest common divisor of 204 and l.
12
Suppose v - 2*v - 295 = 0. Let p be (v/(-10))/((-1)/(-2)). Suppose t = -0*i - i + 8, 4*i - p = 5*t. What is the greatest common factor of 77 and i?
11
Let s = -20 - -40. Calculate the highest common factor of 4 and s.
4
Let c be (-26)/(-8) + 1/(-4)*1. Suppose -82 = -3*d - 1. Calculate the greatest common divisor of c and d.
3
Let v be 16 - (-3)/(1 - 15/6). What is the greatest common divisor of v and 2?
2
Let u = 9 - -2. Calculate the highest common divisor of 77 and u.
11
Suppose 41 = 8*z - 39. Calculate the highest common factor of z and 4.
2
Let r = -16 - -81. Let h = r + -23. Suppose 3*i - 8*i + 21 = 2*u, 2*i + h = 2*u. What is the greatest common factor of 9 and u?
9
Suppose 0 = -2*n - 3*v + 4, n - 2 = 2*v - v. Suppose 3*u - 41 = -g, 0 = -5*u - 3*g - n + 69. Calculate the highest common divisor of u and 21.
7
Let j(q) = 0*q**2 - 2 + 2 + 21*q**2 - 1. Let f be j(-1). Calculate the greatest common factor of f and 50.
10
Let x(y) = 10*y**2 - 3*y + 5. Let i be x(-5). Suppose -v + 17 = 5*q, -v - 2*q + 29 = -3*q. What is the highest common factor of v and i?
27
Suppose 0 = -3*r - 4*i + 2*i + 9, 2*r + 7 = 3*i. Let u be (r + 4)/(2 + -1). What is the greatest common divisor of u and 25?
5
Let f be (-600)/33 - (-6)/33. Let c = -13 - f. Suppose -5*q - 5*o = -175, -2*q - 2*o = -4*o - 90. What is the greatest common factor of q and c?
5
Let r(s) = s**2 - s. Let k be r(-4). Suppose 0*t + k = 2*t. What is the highest common factor of 15 and t?
5
Suppose 0 = h - 0*h - 5*a - 8, -2*a + 41 = 3*h. What is the highest commo